96/100 + -3). Let k = 129 + m. Calculate the highest common factor of 236 and k.
59
Let a(z) = z - 9. Let r be a(5). Let c be (-10)/r - 15/6. Suppose t - 5*b - 169 = c, 0*b = 2*t + 3*b - 273. What is the greatest common divisor of 12 and t?
12
Let j = 460 + -654. Let d = 4 - j. Calculate the greatest common factor of 18 and d.
18
Suppose 0*t = -2*t - l + 1066, t + 4*l = 519. Suppose -4*u - u = t. Let m = 199 - u. Calculate the highest common factor of 34 and m.
34
Let l be (-8)/(-3) + (-33)/(-99). Suppose -l*z = -31 + 7. Calculate the greatest common divisor of z and 1.
1
Let l(a) = -30*a**2 - 4*a + 3. Let m be l(1). Let s be (8 + -4)/((-4)/m). Calculate the greatest common factor of 217 and s.
31
Let w(g) = 42*g**2 - 266*g - 1388. Let q be w(-5). Calculate the highest common divisor of q and 384.
32
Let a(z) = z**2 + 143*z + 2170. Let l be a(-126). What is the greatest common factor of l and 1946?
14
Suppose -v + 30 = 4*m - 0*v, 3*m - 7*v - 38 = 0. What is the highest common divisor of m and 84?
4
Suppose -125*v - 123*v + 100440 = 0. Calculate the highest common divisor of v and 117.
9
Suppose 218 = 3*n - 91*h + 86*h, n = 3*h + 78. Suppose -3*q - 2*q = -550. Calculate the highest common factor of q and n.
22
Let o be (-304)/(15/(-5) - -2). Let r be ((-90)/(-40))/(6/o). Let i = r - 106. Calculate the highest common factor of i and 64.
8
Let w(z) = 276*z - 903. Let u be w(5). Let b = 54 + -1. What is the highest common factor of u and b?
53
Let f = -9542 + 15847. What is the highest common divisor of f and 65?
65
Let m = 4796 - 3238. Calculate the greatest common factor of m and 190.
38
Let g(h) = 6*h**2 + 5*h**2 + 30*h - 2*h**2 - 98 + 4*h**2 - 11*h**2. Let u be g(4). What is the highest common factor of 135 and u?
27
Let n(l) = 2*l**3 + 29*l**2 - 300*l + 2. Let o be n(-19). What is the greatest common divisor of 11 and o?
11
Suppose 72*m = 1811 - 515. What is the greatest common divisor of m and 1158?
6
Let v be 1/(3 + -3 + 1) - -3. Let z be 3*(-4)/v*-1 + -1. Suppose z*j + 2 = 0, 4*q + 5*j - 69 = 38. What is the highest common factor of 140 and q?
28
Suppose 321*x = 341*x - 6240. Let u = -33 + 41. Calculate the highest common divisor of u and x.
8
Let r(a) = 2*a**2 - 43*a + 19. Let i be r(21). Let m be (-15)/(i/(-246)*-3). Calculate the highest common factor of m and 15.
15
Let j be 2121 + 6 + (1 - 1) + 7. What is the highest common divisor of 22 and j?
22
Suppose -22*c - 2*c - 60364 = -277420. Calculate the highest common divisor of c and 38.
38
Let m = -158 - -155. Let o be (22 - -6)*m/(-2). Calculate the greatest common factor of 18 and o.
6
Let d = -12352 + 16722. What is the greatest common factor of 2070 and d?
230
Let c = -172 - -566. Suppose 43 + c = u. What is the greatest common factor of u and 23?
23
Suppose -5*l + 23*l + 34*l - 3588 = 0. Let w(b) = b**3 + 6*b**2 - 3*b - 3. Let a be w(-6). What is the highest common divisor of a and l?
3
Let c(h) = -2*h**3 + 42*h**2 + 3*h + 17. Let a be c(21). What is the highest common factor of 45 and a?
5
Let p(d) = 7*d**3 - 3*d**2 + 2*d - 1. Let o be p(-4). Let h = 841 + o. Suppose 4*m = -2*m + h. Calculate the greatest common divisor of m and 7.
7
Suppose -6776 = -4*r + 9*b - 14*b, 3*r + 5*b = 5082. Calculate the greatest common divisor of 616 and r.
154
Let r = -4159 - -4203. Calculate the greatest common factor of r and 10428.
44
Let u(w) = -23*w + 2. Let b be u(-6). Let y = 4228 + -4208. What is the greatest common divisor of b and y?
20
Let v(j) = -28*j - 680. Let g be v(-25). What is the greatest common divisor of 10 and g?
10
Let z(x) = 2*x**2 - 3*x + 235. Let y be z(0). Let s = -199 + y. Suppose 12 = -0*w + w. Calculate the highest common divisor of s and w.
12
Let t = 151 + -146. Suppose 5*j - 1633 = 4*a - 2*a, 5*j - 1645 = t*a. What is the highest common factor of 52 and j?
13
Let y(h) = 3*h - 30. Suppose -3*t - 11 = -44. Let u be y(t). Let d be (-4)/((-8)/3)*50/u. Calculate the highest common divisor of 100 and d.
25
Let d = 32861 + -32177. Calculate the highest common divisor of d and 20862.
342
Suppose 10*r + 5*j - 10643 = 7*r, -j + 3551 = r. Calculate the highest common divisor of 56 and r.
28
Let n be (554 + -704)*(-1)/10. What is the greatest common divisor of 2613 and n?
3
Let p be 27/3 + -8 + (1 - -3). Suppose p*f + 0 = 15. Suppose f*a = -24 + 69. What is the greatest common factor of a and 6?
3
Let t(p) = 22*p + 84. Let y be t(-3). Let v be 15*((2 + -1 - 1) + 6). Calculate the greatest common factor of v and y.
18
Let o = 48 + -52. Let i(n) = n**3 + 4*n**2 - 5*n + 7. Let f be i(o). Suppose 4*b + 12 = 0, f + 36 = 3*c + b. What is the highest common divisor of c and 11?
11
Let k(h) = 6*h - 9. Let b be k(8). Suppose 0 = -46*f + b*f + 3045. What is the greatest common divisor of 15 and f?
15
Suppose 5*h - 7*h + 10 = 0. Suppose 14 = 2*l + 2*u, 4*l - 65 = -l + h*u. Let o be 4/(24/15)*2. What is the greatest common factor of l and o?
5
Suppose 28*f = 49*f + 36*f - 9291. What is the highest common factor of 5 and f?
1
Suppose 316 = 21*v - 272. Suppose 50 = 3*t - 5*t + 2*u, -5*t - 98 = 4*u. Let i = t + v. Calculate the greatest common factor of 30 and i.
6
Let y = -20 + 22. Suppose -5*g = -y*w - 400, 66 = -5*g + 3*w + 466. Calculate the greatest common divisor of 50 and g.
10
Let h = 91 - 87. Suppose -n + 156 = -0*n + h*j, 0 = 2*j - 4. Calculate the highest common divisor of 37 and n.
37
Suppose -a + 64696 = -2*x, 0 = 56*a - 54*a - x - 129389. Calculate the highest common factor of a and 14.
14
Suppose 11*i - 58 = -283 - 138. Let j = 1 + 2. Let s be -66*(j + i/9). Calculate the greatest common factor of s and 352.
44
Suppose 170*b - 152352 = -96*b - 102*b. Calculate the greatest common divisor of 144 and b.
18
Let t = -107 + 1303. What is the greatest common divisor of 104 and t?
52
Let y = -369 + 773. Let a = y - 228. What is the greatest common factor of a and 11?
11
Let m be (0 - 11/(-5))/((-10)/50). Let s(f) = -2*f + 2. Let n be s(m). Calculate the greatest common divisor of 12 and n.
12
Suppose -138*n + 304397 = 85*n + 115516. What is the greatest common factor of 2695 and n?
77
Suppose 1080 + 152 = 4*o. Suppose s = -4*z + 212, -2*s + 4*z + 128 = -o. What is the greatest common factor of s and 12?
12
Let d be ((-72)/16 + 5)*378. Let z = d + -159. What is the highest common divisor of z and 270?
30
Suppose 137*c = 46441 + 10551. Calculate the highest common factor of c and 1196.
52
Let z = 23423 - 23395. Calculate the highest common factor of 1295 and z.
7
Let s be 1*((-2 - -2) + 69 + -48). What is the greatest common divisor of 1122 and s?
3
Let w(g) = 2*g**2 - 11*g - 5. Let a be w(-4). Suppose -70*v + a*v - 164 = 0. What is the greatest common factor of v and 4?
4
Let y(j) = 6*j**2 + 8*j - 13. Let w be y(2). Suppose 12*l = 4*l + 1296. Calculate the highest common divisor of w and l.
27
Let r = -35242 + 35377. Let a = -3 + 18. Calculate the highest common factor of a and r.
15
Let f = 107 + 103. Let w = -194 + f. Calculate the highest common divisor of w and 656.
16
Let g = 18664 + -16039. What is the highest common divisor of 147 and g?
21
Let f = 8067 + -7980. Calculate the highest common divisor of f and 12.
3
Let n = -470 - 37. Let f = n - -932. What is the highest common factor of 34 and f?
17
Let v(j) = -4*j - 157. Let s be v(-55). Suppose -126 = -3*r - q, -2*r + q = 3*r - 210. What is the greatest common divisor of s and r?
21
Let x be 45/(-35) + (-4)/(-14). Let g(v) = -51*v. Let s be g(x). Suppose -10*d = -21 - 149. Calculate the greatest common factor of s and d.
17
Suppose -81*b - 10*b + 919 = -3449. What is the greatest common factor of b and 3152?
16
Let o be (-292)/16*86*(-24)/12. What is the highest common factor of 43 and o?
43
Let x be 33/(-5)*75/(-45). Let z be 30/(-4)*x/((-550)/640). What is the greatest common divisor of z and 6?
6
Let j(c) = -368*c - 703. Let q be j(-2). Calculate the highest common divisor of q and 946.
11
Suppose 0 = x + 2*c + 10, 28 = -5*x - 2*c + 10. Let y be 7/14*x*18/(-1). Let i be 241/9 + 4/18. Calculate the greatest common factor of i and y.
9
Let i(m) = -m**2 - 9*m + 9. Let l(p) = -p + 5. Let h be l(4). Let u be 1*(-28)/4 - h. Let w be i(u). What is the highest common factor of w and 68?
17
Suppose 4943 = 80*s + s + 731. What is t